27281 a prime number?
False
Is 9953713547 a prime number?
True
Is 43771522999 composite?
True
Is 254689298 a prime number?
False
Is 10965432151 composite?
False
Is 21043729149 a prime number?
False
Is 1954996139 prime?
True
Is 70457054561 a prime number?
False
Is 3001871603 a prime number?
False
Is 1976013271 a composite number?
True
Is 1278011621 a composite number?
False
Is 1320342461 a composite number?
False
Is 146251057217 prime?
False
Is 14338037209 prime?
True
Is 391434889 composite?
True
Is 5125686469 a composite number?
True
Is 1060089871 a composite number?
False
Is 1208592379 a prime number?
False
Is 2679874567 composite?
False
Is 1264523383 prime?
True
Is 434173529 a composite number?
True
Is 13074104135 a composite number?
True
Is 83474449001 composite?
False
Is 837825763 prime?
False
Is 82579793 a composite number?
False
Is 10908955559 composite?
False
Is 206793650491 composite?
False
Is 34153790563 a composite number?
True
Is 7060303979 composite?
True
Is 1089911267 prime?
True
Is 4828364249 prime?
True
Is 13777961801 a prime number?
True
Is 76048663 prime?
True
Is 154572458497 composite?
False
Is 32074379 prime?
True
Is 2866921517 a composite number?
False
Is 9491766463 a prime number?
False
Is 6546819611 a composite number?
False
Is 24590455117 composite?
False
Is 3391131007 prime?
False
Is 16479208951 prime?
False
Is 216677051 prime?
False
Is 222234023 a composite number?
True
Is 4501605257 prime?
False
Is 130900305277 prime?
False
Is 59225918483 a prime number?
True
Is 32559112721 prime?
True
Is 175422521167 a composite number?
False
Is 18381851971 composite?
True
Is 872943857 prime?
True
Is 2666300081 prime?
True
Is 335333739403 prime?
False
Is 4816954241 composite?
True
Is 770884729 prime?
True
Is 28457647357 a composite number?
False
Is 553992048547 a composite number?
True
Is 20601157 prime?
True
Is 12348643 a composite number?
False
Is 429541807 a prime number?
False
Is 345456406289 composite?
False
Is 46635742529 composite?
True
Is 29173801981 prime?
True
Is 2133196753 a prime number?
True
Is 12695824573 a composite number?
True
Is 9588521827 a composite number?
False
Is 4079110993 a composite number?
False
Is 173787389 a composite number?
True
Is 9572100089 composite?
False
Is 6899675951 composite?
True
Is 6725590519 composite?
False
Is 17785145869 composite?
False
Is 591899873 a prime number?
True
Is 454505069 prime?
False
Is 80620584211 a prime number?
True
Is 8081464843 prime?
False
Is 184651037 a composite number?
False
Is 27630443507 a composite number?
False
Is 21732169 prime?
True
Is 1393628969 a composite number?
True
Is 11030039557 composite?
True
Is 15305610443 a prime number?
True
Is 4210334273 composite?
True
Is 758394991 composite?
False
Is 4035723051 prime?
False
Is 280667461 a composite number?
True
Is 1687331249 composite?
True
Is 1755721259 composite?
False
Is 5155282193 composite?
False
Is 28306693463 a prime number?
False
Is 6851610991 a prime number?
False
Is 273448523 a prime number?
False
Is 1554731063 composite?
True
Is 19794897377 prime?
True
Is 1487251477 a prime number?
False
Is 8557716607 a composite number?
True
Is 11340534773 a composite number?
False
Is 136904345807 composite?
False
Is 4125147023 a composite number?
False
Is 131354991421 a prime number?
True
Is 13592211797 a prime number?
True
Is 299657903 composite?
False
Is 2846645257 a prime number?
False
Is 1316056597 a prime number?
False
Is 15080800159 a prime number?
True
Is 76202459291 a composite number?
True
Is 2472206333 a prime number?
True
Is 1769782247 composite?
True
Is 55857626111 a composite number?
True
Is 23047897979 a composite number?
False
Is 13165807 composite?
False
Is 4537695821 a prime number?
True
Is 1237061171 a composite number?
False
Is 13842030673 a composite number?
False
Is 207011237 prime?
True
Is 1778325807 a prime number?
False
Is 232974921523 prime?
True
Is 5753076047 a prime number?
False
Is 176620973267 a prime number?
True
Is 1380018907 a prime number?
True
Is 188937431 a prime number?
True
Is 346630891 a prime number?
False
Is 116970743 prime?
False
Is 2348271271 a composite number?
False
Is 46146901 composite?
True
Is 1585731691 composite?
False
Is 57390293287 a prime number?
False
Is 1831241101 a composite number?
False
Is 51606533773 composite?
False
Is 3042157211 prime?
True
Is 1448503439 a composite number?
False
Is 54417046109 a prime number?
True
Is 6299485403 a composite number?
False
Is 52654168157 prime?
False
Is 3399230363 a composite number?
False
Is 8094947941 a composite number?
False
Is 1719054361 a composite number?
False
Is 2042677283 a composite number?
False
Is 3926796761 a prime number?
False
Is 40633683661 prime?
True
Is 18594486497 prime?
True
Is 8611165097 prime?
False
Is 11787963953 prime?
True
Is 108975719 a prime number?
True
Is 2202107783 a composite number?
True
Is 14372373967 prime?
False
Is 388258571 prime?
False
Is 1592954261 a composite number?
True
Is 7514961731 a prime number?
True
Is 515420831 a composite number?
False
Is 304800122449 a prime number?
False
Is 2114518061 a composite number?
True
Is 913700549 prime?
False
Is 324396263 a composite number?
True
Is 3182371001 prime?
False
Is 213951587 prime?
True
Is 5829233947 composite?
True
Is 184824819227 composite?
False
Is 47525137691 composite?
True
Is 1053387973 prime?
False
Is 22874942089 prime?
True
Is 59397423739 composite?
False
Is 61402087 composite?
True
Is 1965008359 prime?
False
Is 89194719017 composite?
False
Is 24701413441 a composite number?
False
Is 145315199 a composite number?
False
Is 515536027 a prime number?
True
Is 2129973421 composite?
True
Is 2002106693 composite?
True
Is 1850771141 composite?
False
Is 3188104567 a composite number?
False
Is 52637447873 a composite number?
True
Is 266461165 a prime number?
False
Is 34839313 a prime number?
True
Is 20668490641 composite?
True
Is 8305329341 composite?
False
Is 19107122677 a prime number?
False
Is 1580630605 a composite number?
True
Is 40935679 prime?
True
Is 140408861 a prime number?
True
Is 21473135641 composite?
False
Is 1421827607 composite?
True
Is 10979797583 a composite number?
True
Is 8493081551 composite?
True
Is 33977336399 a composite number?
True
Is 3475301737 composite?
True
Is 10706424413 prime?
False
Is 1620284951 prime?
True
Is 4124901827 composite?
True
Is 1404864119 a prime number?
True
Is 5048961191 composite?
False
Is 6036684947 composite?
False
Is 967300897129 composite?
True
Is 7318968773 a composite number?
False
Is 59956223 composite?
True
Is 1422917939 prime?
False
Is 950493847 composite?
False
Is 20152786989 a composite number?
True
Is 4740784427 composite?
False
Is 80294931137 prime?
True
Is 23812470001 a composite number?
True
Is 28413227807 a prime number?
True
Is 217772353 composite?
False
Is 1692249491 a composite number?
False
Is 4281739279 a prime number?
True
Is 24778483031 prime?
True
Is 35317406015 a composite number?
True
Is 12411713953 a composite number?
True
Is 36197169529 a composite number?
False
Is 291570793 prime?
False
Is 10003108487 prime?
False
Is 8400959447 a composite number?
False
Is 53088225959 a composite number?
False
Is 35262341 composite?
False
Is 1774163669 prime?
True
Is 4801593691 prime?
True
Is 55506428833 composite?
True
Is 108196577 a composite number?
True
Is 5495539553 composite?
True
Is 23984818073 a composite number?
False
Is 1222974547 prime?
True
Is 3143919781 prime?
True
Is 895064683 a prime number?
True
Is 298141471 prime?
False
Is 4001512847 a composite number?
True
Is 677231249 prime?
True
Is 7419409 a prime number?
False
Is 13045217 a prime number?
True
Is 954094753 prime?
True
Is 2632421159 a prime number?
True
Is 799992803 a composite number?
True
Is 1385856649 a prime number?
False
Is 135579620263 a composite number?
False
Is 294026333 prime?
True
Is 46369510699 a composite number?
False
Is 3917883283 a composite number?
False
Is 53970703 composite?
True
Is 36439741997 a composite number?
False
Is 23637015443 composite?
True
Is 3275939047 composite?
True
Is 14016962501 a composite number?
False
Is 13682983469 a prime number?
True
Is 2150375459 a prime number?
False
Is 325300923749 a composite number?
False
Is 2401404047 prime?
False
Is 4374085907 prime?
False
Is 2106